, 14303
List the prime factors of 1301.
1301
List the prime factors of 1714.
2, 857
What are the prime factors of 485?
5, 97
List the prime factors of 986.
2, 17, 29
What are the prime factors of 44223?
3, 14741
List the prime factors of 3714.
2, 3, 619
What are the prime factors of 2436?
2, 3, 7, 29
What are the prime factors of 957?
3, 11, 29
List the prime factors of 5817.
3, 7, 277
What are the prime factors of 684?
2, 3, 19
List the prime factors of 1791.
3, 199
List the prime factors of 58224.
2, 3, 1213
What are the prime factors of 2693?
2693
List the prime factors of 22343.
22343
List the prime factors of 806.
2, 13, 31
List the prime factors of 1082.
2, 541
List the prime factors of 60.
2, 3, 5
What are the prime factors of 515?
5, 103
List the prime factors of 15419.
17, 907
List the prime factors of 10753.
10753
List the prime factors of 1606.
2, 11, 73
What are the prime factors of 43440?
2, 3, 5, 181
List the prime factors of 127.
127
What are the prime factors of 1008?
2, 3, 7
List the prime factors of 2602.
2, 1301
What are the prime factors of 1443?
3, 13, 37
List the prime factors of 36080.
2, 5, 11, 41
What are the prime factors of 119851?
119851
List the prime factors of 1737.
3, 193
List the prime factors of 114013.
114013
List the prime factors of 42707.
7, 6101
What are the prime factors of 57533?
7, 8219
List the prime factors of 43.
43
What are the prime factors of 1803?
3, 601
What are the prime factors of 2745?
3, 5, 61
List the prime factors of 5920.
2, 5, 37
What are the prime factors of 6085?
5, 1217
List the prime factors of 45386.
2, 11, 2063
What are the prime factors of 43?
43
List the prime factors of 5853.
3, 1951
List the prime factors of 2319.
3, 773
List the prime factors of 37890.
2, 3, 5, 421
List the prime factors of 1513.
17, 89
List the prime factors of 2297.
2297
List the prime factors of 1059.
3, 353
List the prime factors of 4993.
4993
What are the prime factors of 149?
149
What are the prime factors of 23328?
2, 3
List the prime factors of 90.
2, 3, 5
What are the prime factors of 1442?
2, 7, 103
List the prime factors of 156.
2, 3, 13
List the prime factors of 6315.
3, 5, 421
What are the prime factors of 11590?
2, 5, 19, 61
What are the prime factors of 3178?
2, 7, 227
What are the prime factors of 144?
2, 3
What are the prime factors of 50296?
2, 6287
List the prime factors of 1526.
2, 7, 109
What are the prime factors of 5866?
2, 7, 419
What are the prime factors of 32037?
3, 59, 181
What are the prime factors of 40181?
23, 1747
What are the prime factors of 2265?
3, 5, 151
What are the prime factors of 4722?
2, 3, 787
What are the prime factors of 4364?
2, 1091
List the prime factors of 11748.
2, 3, 11, 89
What are the prime factors of 2480?
2, 5, 31
List the prime factors of 6322.
2, 29, 109
What are the prime factors of 910?
2, 5, 7, 13
List the prime factors of 343.
7
What are the prime factors of 2560?
2, 5
List the prime factors of 1194.
2, 3, 199
List the prime factors of 1744.
2, 109
List the prime factors of 1859.
11, 13
What are the prime factors of 15705?
3, 5, 349
List the prime factors of 660.
2, 3, 5, 11
List the prime factors of 482.
2, 241
What are the prime factors of 1241?
17, 73
List the prime factors of 66668.
2, 7, 2381
What are the prime factors of 23878?
2, 11939
What are the prime factors of 947?
947
List the prime factors of 14237.
23, 619
List the prime factors of 53721.
3, 47, 127
What are the prime factors of 1253?
7, 179
List the prime factors of 906.
2, 3, 151
List the prime factors of 41046.
2, 3, 6841
What are the prime factors of 42544?
2, 2659
List the prime factors of 33186.
2, 3, 5531
List the prime factors of 3733.
3733
List the prime factors of 4313.
19, 227
What are the prime factors of 18048?
2, 3, 47
What are the prime factors of 45365?
5, 43, 211
List the prime factors of 20616.
2, 3, 859
List the prime factors of 432.
2, 3
What are the prime factors of 460?
2, 5, 23
What are the prime factors of 998?
2, 499
What are the prime factors of 10909?
10909
List the prime factors of 2729.
2729
List the prime factors of 93.
3, 31
What are the prime factors of 8622?
2, 3, 479
What are the prime factors of 32213?
32213
What are the prime factors of 39554?
2, 19777
What are the prime factors of 20350?
2, 5, 11, 37
List the prime factors of 92816.
2, 5801
What are the prime factors of 10842?
2, 3, 13, 139
List the prime factors of 108090.
2, 3, 5, 1201
List the prime factors of 3475.
5, 139
List the prime factors of 96041.
11, 8731
List the prime factors of 19503.
3, 11, 197
What are the prime factors of 1223?
1223
List the prime factors of 1493.
1493
What are the prime factors of 1826?
2, 11, 83
List the prime factors of 30922.
2, 15461
List the prime factors of 3810.
2, 3, 5, 127
What are the prime factors of 78384?
2, 3, 23, 71
What are the prime factors of 7806?
2, 3, 1301
List the prime factors of 4318.
2, 17, 127
List the prime factors of 34861.
71, 491
List the prime factors of 63880.
2, 5, 1597
What are the prime factors of 90?
2, 3, 5
What are the prime factors of 849?
3, 283
What are the prime factors of 56477?
56477
What are the prime factors of 336?
2, 3, 7
List the prime factors of 662.
2, 331
What are the prime factors of 71522?
2, 11, 3251
What are the prime factors of 1402?
2, 701
List the prime factors of 688.
2, 43
List the prime factors of 3624.
2, 3, 151
List the prime factors of 70523.
109, 647
List the prime factors of 23671.
23671
List the prime factors of 162.
2, 3
What are the prime factors of 13364?
2, 13, 257
List the prime factors of 89664.
2, 3, 467
List the prime factors of 2444.
2, 13, 47
List the prime factors of 43159.
43159
What are the prime factors of 3056?
2, 191
List the prime factors of 642.
2, 3, 107
What are the prime factors of 979?
11, 89
List the prime factors of 10415.
5, 2083
List the prime factors of 28900.
2, 5, 17
List the prime factors of 46197.
3, 29, 59
What are the prime factors of 3302?
2, 13, 127
List the prime factors of 98.
2, 7
What are the prime factors of 6506?
2, 3253
What are the prime factors of 69864?
2, 3, 41, 71
What are the prime factors of 10923?
3, 11, 331
List the prime factors of 4420.
2, 5, 13, 17
What are the prime factors of 905?
5, 181
What are the prime factors of 15207?
3, 37, 137
List the prime factors of 1529.
11, 139
List the prime factors of 445.
5, 89
List the prime factors of 1436.
2, 359
List the prime factors of 58973.
17, 3469
What are the prime factors of 100465?
5, 71, 283
List the prime factors of 40190.
2, 5, 4019
List the prime factors of 823.
823
What are the prime factors of 7517?
7517
What are the prime factors of 739?
739
What are the prime factors of 340?
2, 5, 17
List the prime factors of 87616.
2, 37
List the prime factors of 21596.
2, 5399
List the prime factors of 285.
3, 5, 19
What are the prime factors of 7340?
2, 5, 367
List the prime factors of 6198.
2, 3, 1033
List the prime factors of 25528.
2, 3191
What are the prime factors of 37109?
43, 863
List the prime factors of 10921.
67, 163
What are the prime factors of 136557?
3, 15173
List the prime factors of 6630.
2, 3, 5, 13, 17
List the prime factors of 63675.
3, 5, 283
What are the prime factors of 88561?
11, 83, 97
List the prime factors of 56933.
17, 197
List the prime factors of 323.
17, 19
What are the prime factors of 1323?
3, 7
List the prime factors of 14766.
2, 3, 23, 107
What are the prime factors of 981?
3, 109
List the prime factors of 2533.
17, 149
List the prime factors of 3465.
3, 5, 7, 11
What are the prime factors of 34695?
3, 5, 257
List the prime factors of 1278.
2, 3, 71
What are the prime factors of 23520?
2, 3, 5, 7
List the prime factors of 1150.
2, 5, 23
What are the prime factors of 13338?
2, 3, 13, 19
What are the prime factors of 2088?
2, 3, 29
What are the prime factors of 72?
2, 3
List the prime factors of 47976.
2, 3, 1999
List the prime factors of 9254.
2, 7, 661
What are the prime factors of 732?
2, 3, 61
What are the prime factors of 954?
2, 3, 53
What are the prime factors of 1555?
5, 311
List the prime factors of 13257.
3, 491
List the prime factors of 4486.
2, 2243
List the prime factors of 878.
2, 439
What are the prime factors of 1956?
2, 3, 163
List the prime factors